(c) = -c**3 + 18. Let v be o(0). Suppose 0*j - j + 9 = 0. Let p = v - j. What is the units digit of p?
9
Let d(q) be the first derivative of q**5/60 + 5*q**4/24 - q**3/2 + 3*q**2/2 + 2. Let o(c) be the second derivative of d(c). What is the tens digit of o(-7)?
1
Let q be (-1 + 1)*4/8. Let a = q - -4. Suppose 2*v + a - 6 = 0. What is the units digit of v?
1
Suppose 4*t = -t + 20. Suppose 0 = -3*v + t + 8. Let s = -1 + v. What is the units digit of s?
3
Let h(a) = -10*a - 17. What is the tens digit of h(-11)?
9
Suppose 28 = -2*j + 7*j + s, -16 = -2*j - 2*s. Let w = -2 + j. Suppose 0 = w*g - 5 - 7. What is the units digit of g?
4
Let p be (-1 - 4/(-1)) + 1. What is the units digit of -2 + 2 - p/(-2)?
2
Suppose -2*v - 16 = 2*n - 58, -n + 1 = 0. What is the units digit of v?
0
Let j(z) = -z**3 - 3*z - 1. What is the tens digit of j(-3)?
3
Suppose -10 = -4*t - 2*z - 2, 3*z + 28 = 4*t. Let u be 33/9 - t/6. Let b = -2 + u. What is the units digit of b?
1
Let a = 3 - 2. What is the units digit of a?
1
Let s = -77 + 120. What is the units digit of s?
3
Suppose 5*d + p = 42, 4*d + 2*p - 3*p = 30. What is the units digit of d?
8
Let k be (-3 + -1)*(-25)/10. Suppose 3*a - a = k. Suppose 4*q - a*q = -3. What is the units digit of q?
3
Suppose 4*z + 14 = 3*x, 2*x - 4*z - 5 = 7. Suppose 0 = 3*q - x*q. Suppose q = -3*g - 3*p + 24, 1 = -g - 5*p + 13. What is the units digit of g?
7
Let q(m) = -5*m**3 - m. Let o be q(1). Let z = 10 + o. What is the units digit of z?
4
What is the tens digit of 42*-4*(-3)/12?
4
Let y be 1/(-4) + 6130/40. Suppose -y = -5*c + 32. What is the units digit of c?
7
Suppose 5*q - o = 2, 2 = -5*q - 2*o + o. Suppose q*c - 3 = -c. What is the units digit of c?
3
Let g be (3 - 1 - 1)*2. Suppose -8 = -2*l - g*m, 0 = 5*l - m - 0 - 14. Suppose -l = -z + 4. What is the units digit of z?
7
Suppose 2*h + h - 12 = 0, -4*l - 5*h + 28 = 0. What is the units digit of -17*(-1)/2*l?
7
Let i(w) = 7*w - 52. What is the units digit of i(17)?
7
Suppose 41 = 5*y + 1. What is the units digit of y?
8
Suppose 7*d = 4*d + 93. What is the tens digit of d?
3
Let m = 153 - 73. What is the tens digit of m?
8
Let l be (-130)/(-8) + 2/(-8). Let d = l + 2. Suppose -2*v = -0*v - 2*y - 28, -v + d = y. What is the tens digit of v?
1
Let f = 33 + -23. Suppose 5*u - 30 = u - 2*h, -u + 3*h - f = 0. Suppose 5*r - u*v + 2*v = 64, -18 = -3*r - 5*v. What is the tens digit of r?
1
Suppose -3*f + 0*f - 12 = 0, -3*f = 2*k - 36. Suppose 4*p - 8 = -k. Let g(i) = -i. What is the units digit of g(p)?
4
Let j(c) = c**2 + 7*c + 3. Let r(w) = w - 1. Let i(u) = -j(u) - 2*r(u). What is the units digit of i(-8)?
7
Let o be 34/(-4) - 1/2. Let s(f) = f**2 - 4*f + 2. Let j be s(4). What is the units digit of (o/15)/(j/(-10))?
3
Let h = -7 - -5. Let u be h + (-2)/4*-6. What is the units digit of u/2*6*1?
3
Suppose -56*s - 296 = -58*s. What is the units digit of s?
8
Let y be ((-188)/(-6))/((-10)/(-15)). Suppose q + 3*q = -5*a + 61, -4*a + y = 3*q. What is the units digit of q?
9
Suppose 0 = b + 3 + 5. Let q = b + 11. What is the units digit of q?
3
Suppose k - 7 = -1. Let d be (-5)/10*(-10)/1. Suppose -4*g - r + 40 = 0, -2*g - 16 = -k*g + d*r. What is the units digit of g?
9
Let q = 8 - 5. Suppose 0 = -m + s + q, 3*m - 4 = s + 3. What is the units digit of m?
2
Let a(v) = -3*v - 11. Let n be (-45)/(-10)*(-2 - 0). What is the tens digit of a(n)?
1
Suppose 9 = q - 17. What is the units digit of q?
6
Let a(b) = 11*b**2 + 3*b + 10. Let n be a(8). What is the units digit of (-6)/(-21) - n/(-14)?
3
Let b = 15 + -11. Suppose -2*m = -3*s, -b*m - 3 = s + 11. Let n(p) = 3*p**2 + 3*p - 1. What is the units digit of n(m)?
7
Let t be (2/(-1) - -38) + 0. What is the units digit of t*((-9)/(-6))/3?
8
Suppose 20 = 2*x - 7*x. Let w be 2/(-9) + (-184)/(-18). What is the units digit of (w - -2)*(-2)/x?
6
Let b(c) = c**3 - 3*c**2 + 3*c - 3. What is the units digit of b(3)?
6
Let k(o) = o**3 + 12*o**2 + 13*o + 8. Let l be k(-10). Let w = l + -51. What is the tens digit of w?
2
Let n(k) = -k. Let m be n(-9). Suppose -4*h = m - 29. What is the units digit of h?
5
Let c(k) = -k**3 - 2*k**2 + 2. Let r be c(-2). Let a be -5*r*(-3)/6. Suppose -15 = -a*i + 50. What is the tens digit of i?
1
Let r = -4 + 6. Suppose r + 14 = w. What is the tens digit of w?
1
Let f = 5 + -4. What is the units digit of f?
1
Let d(a) = a**3 + 12*a**2 + 2*a - 5. Let j(n) = n**3 + 13*n**2 + 2*n - 4. Let z(c) = 4*d(c) - 3*j(c). What is the units digit of z(-8)?
0
Let s be 1 + 1 + 1 + 2. Let w be 6/5*s/2. Suppose -2*h + w = 1. What is the units digit of h?
1
Let d be 2/(-6)*(0 - 6). Suppose -d*t + 3*p + 7 = 0, -t + 0*t - p = -6. Suppose 6*q - 5 = q, -5*z - t*q + 85 = 0. What is the tens digit of z?
1
Suppose -p = -z + 6 - 3, -2*p - 8 = -3*z. Suppose h - 3*h = 2*u - 12, -z*h + 3*u = -2. What is the units digit of 1 - -2*h*1?
9
Suppose 10*q + 28 = 1178. What is the units digit of q?
5
Suppose 2*z + 4 = -7*r + 3*r, 4*z - 4 = 4*r. Suppose 3*b = -4*g + 76 - 22, -g + b + 10 = z. What is the units digit of g?
2
Let w(h) = 5*h + 7 - 2*h - 4*h. Let i(d) = d**2 - d. Let b be i(1). What is the units digit of w(b)?
7
Let k be ((-16)/10)/((-8)/20). Suppose 5*f - k*l + 3*l - 58 = 0, f - 2 = -3*l. What is the units digit of f?
1
Let x(r) = -r**3 - r + 13. Suppose 2*w = -3*w. What is the units digit of x(w)?
3
Suppose 2*n = 2 + 4. Suppose 5*x - 3*s - 110 = 0, -x + 2*s + 32 = n. What is the tens digit of x?
1
Let r(m) = -m**3 - 3*m**2 - 2*m + 1. Let b be 2 - (-1 + 1) - 4. What is the units digit of r(b)?
1
Let a be -2*1/(2/3). Let x(t) = 3*t - 6. Let w be x(4). Let c = w + a. What is the units digit of c?
3
Let g(o) = -o**2 - 16*o + 2. What is the units digit of g(-9)?
5
Let p = -1 + 3. Suppose p = 3*t - 19. What is the units digit of t?
7
Suppose 0 = -5*g - 4*r + 183, -123 = -3*g + 2*r - 0*r. What is the tens digit of g?
3
Let s(v) = -v**3. Let f be s(0). Suppose c + f = 3. What is the units digit of c?
3
Suppose 24 - 8 = 4*g. What is the tens digit of -2*(-1 + (-18)/g)?
1
Suppose -30*g = -35*g + 245. What is the tens digit of g?
4
Let p(m) = m - 4. Let a be p(3). Let s = 5 - a. What is the units digit of s?
6
Suppose 3*u + 5 = 26. Let b(q) = q**2 - 4*q - 5. What is the units digit of b(u)?
6
Let p = -6 + 3. Let q = p + 12. What is the units digit of q?
9
Let n(r) = -r**2 + 9*r - 8. Let q be n(8). Suppose y + q*y - 1 = 0. What is the units digit of y?
1
Let v = -8 + 6. Let q be 2 + 0 - v/2. Suppose -20 = -8*i + q*i. What is the units digit of i?
4
Let r(t) = 2*t**3 + 3*t**2 + t + 2. Suppose -2*z + 2 = -j - 2*j, 5*j + 14 = -2*z. Let q be r(j). Let k = q - -5. What is the units digit of k?
1
Let a(v) = 2*v + 15. What is the units digit of a(8)?
1
Suppose 0 = -2*g - 2*g + 24. Suppose -3*x - 2*v - 190 = -g*v, 3*x + 184 = -2*v. What is the units digit of 6/(-8) - x/8?
7
Suppose 0*o - 28 = -2*o. What is the units digit of 4/o + (-192)/(-14)?
4
What is the tens digit of (-34)/(-153) - 1436/(-18)?
8
Let p = -2 - -31. What is the tens digit of p?
2
Let o(m) = m**2 - 1. Let s be o(-1). Suppose 4*l = -s*l + 24. What is the units digit of l?
6
Suppose v + u - 16 = 0, -2*v + 33 = 6*u - 5*u. What is the units digit of v?
7
Suppose -u - 632 = -4*d, 3*d + 49 - 523 = 5*u. What is the units digit of d?
8
Suppose -3*k = -0*m + m - 10, 0 = k + 2*m. Let q(j) = 1 + 2*j + 7 - 3 - j**2 + 2*j. What is the units digit of q(k)?
5
Suppose -s = -5*s - 4. Let o be (14/(-1) - -1) + s. Let q = 1 - o. What is the units digit of q?
5
What is the tens digit of (452/(-6))/(16/(-6) + 2)?
1
Let i(o) = o**2 + 7*o - 1. What is the units digit of i(-12)?
9
Let h be (-5 - -1)/(-1 + -1). Let u be -1 - 2 - (h + -4). What is the units digit of (-4 - 1)*(-2 - u)?
5
Suppose -3*k = 5*r - 283, -2*k = -r + 5*r - 190. What is the tens digit of k?
9
Let y(x) = -x**3 + x + 195. What is the units digit of y(0)?
5
Suppose 99 = 5*v - 2*x, -2*x = -5*v + 2*v + 57. What is the tens digit of v?
2
Let q(g) = 74*g + 1. What is the units digit of q(2)?
9
Let c = -8 - -11. Suppose 3*w + 2*k - c*k - 97 = 0, 3*w - 93 = -3*k. What is the units digit of w?
2
What is the hundreds digit of (-136)/(((-1)/(-4))/((-3)/8))?
2
Let p = 88 + -43. What is the tens digit of p?
4
Suppose 0 = -42*w + 46*w - 112. What is the units digit 